 = -q**3 + 20*q**2 - 8*q - 17. Let t(r) = r**3 - 10*r**2 + 4*r + 8. Let i(v) = -3*n(v) - 5*t(v). Is i(-9) prime?
False
Let n = -587 - -856. Suppose -3*j = 2*u - 175, -5*u - n + 749 = -j. Suppose -3*q = -196 - u. Is q composite?
False
Let u = 2363 + 4394. Is u a prime number?
False
Let f(z) = 27*z - 83. Is f(8) a prime number?
False
Let g = 7954 + -1451. Is g a composite number?
True
Let u be 18/27 + 4/(-6). Suppose u = -2*l - 4*i + 8, -5*l - 3*i + 44 = -5*i. Is (-62)/(3 - (l - 3)) a composite number?
False
Let v = 7 - 7. Suppose 5*y - 358 = -4*p - v*p, -y = -4*p - 86. Suppose 9*f = 7*f + y. Is f composite?
False
Let c(j) = 41*j + 159. Is c(32) composite?
False
Suppose -9*h - 38773 = -16*h. Is h composite?
True
Suppose 4*c - k = 18, -2*c + 11 + 1 = k. Suppose 0 = t + 5*x - 683, x + 3499 = c*t + 5*x. Is t a composite number?
True
Suppose 0*j - 2*z - 6871 = -j, 0 = 5*j + 5*z - 34430. Is j a composite number?
True
Suppose -12*g = 43 - 283. Is 4296/g*(20/(-8))/(-1) a composite number?
True
Let j be ((-45)/10 + 4)*0. Suppose -3*y + 968 + 493 = j. Is y prime?
True
Suppose 0 = -6*s + 2*s + 16. Suppose -s*r = -2759 + 1083. Is r a composite number?
False
Let s be (2/4)/((-16)/(-96)). Suppose -h + 9 = -5*p, -p - s*p + 2*h - 6 = 0. Let g(f) = -137*f. Is g(p) a composite number?
True
Let n = -25 - -28. Suppose 0 = n*t - 3*d - 12, 3*t - 2*t + 2 = -5*d. Is 1*t - (-24 + -70) a prime number?
True
Let i(c) = -14*c - c + 6*c + 7 + 4*c**2. Is i(4) a prime number?
False
Let g = 95 - -101. Let o = g - 99. Is o prime?
True
Let q(f) = 390*f**3 - 3*f**2 - 10*f + 17. Is q(4) a composite number?
False
Suppose 8*h - 202 = 18854. Let m = -1129 + h. Is m prime?
False
Let h(i) = 1058*i - 255. Is h(7) composite?
False
Is 6 - (7 - (-3 + 12) - 70119) a composite number?
True
Suppose 3*l - 5*t + 1 = -t, -2*t - 7 = -3*l. Let j be (-1 - -22)/(1/16). Suppose -5*v - 768 = -4*a, -l*a + v = -j - 603. Is a prime?
False
Let z = 1 + 1. Let w be (-39)/(-9) - z/6. Suppose -n - w*n = -1345. Is n a prime number?
True
Let h(x) = x**3 + 7*x**2 - x + 7. Let u be h(-5). Suppose -2*d + 360 = -u. Is d prime?
True
Let o(z) be the first derivative of -27*z**2 - 15*z - 7. Let u be o(-15). Suppose 4*r = r + u. Is r composite?
True
Let u(t) = 57*t**2 + 62*t - 44. Is u(-15) composite?
True
Let q(t) = -2*t + 1. Let d be q(4). Let l(a) = -a**2 + 1. Let x(k) = k**3 + 3*k**2 + 4*k + 1. Let j(g) = 4*l(g) - x(g). Is j(d) composite?
False
Suppose 0 = 3*u + 20*h - 18*h - 1345, 0 = -h + 5. Is u composite?
True
Let w = -688 + 392. Let d = w + 2281. Is d prime?
False
Let x be ((-6)/(-8))/((-2)/(-16)). Suppose 3*a = a + x. Suppose 3*t + 0*t - 15 = 0, 2*j = a*t + 5. Is j a prime number?
False
Suppose 0 = 3*a + 6 - 3. Let y be 16/(-4) - (a - 3). Suppose n - r = 100, y = r - 0 + 3. Is n a composite number?
False
Suppose 2*d = -0*d - s + 1, 2 = -d + 2*s. Suppose 13*t + 122 - 2995 = d. Is t a composite number?
True
Is 14674/6 - 24/(-18) prime?
True
Let o(v) = -v**2 + 7*v + 5. Let p be o(7). Let a(s) = 39*s - 4. Is a(p) a prime number?
True
Suppose 433 = 3*c + x - 2*x, 4*c + 4*x - 604 = 0. Is 6*4/8 + c prime?
True
Suppose -4*l + 11743 = -18285. Is l a prime number?
True
Suppose 4*a + 3518 = 3*s - 4653, 5*a = 4*s - 10896. Is s a composite number?
False
Let y = 33 - 24. Is (-472)/12*y/(-6) a prime number?
True
Let o be -2 + 2 - (-6 + 6) - 4. Let u(r) = -28*r - 17. Is u(o) a composite number?
True
Let f(k) = 15*k**2 + 88*k - 6. Is f(-29) prime?
False
Let q be 4/14 - 324920/28. Is (12/9 + -2)/(8/q) prime?
True
Let s = 9239 + -774. Is s a prime number?
False
Is (4 - 2) + (-1 + 1 - -1525) prime?
False
Let u(n) = n**2 - 5*n + 8. Let k be u(3). Is ((-4070)/15)/(k/(-3)) composite?
True
Let o(l) = 108*l + 49. Is o(32) prime?
False
Let p(f) = -1003*f - 154. Is p(-5) a composite number?
False
Suppose 3*p = 3*t - 20997, -2*p - 34983 = -2*t - 3*t. Suppose -2*s - j = -2798, -j - t = -5*s + 2*j. Is s a composite number?
False
Let i be 21/(-14)*2*-2. Let h be (-1734)/i - (-1 + -3). Is h/(-2) - (-3)/6 prime?
False
Is 1/(1119/2785 + (-8)/20) composite?
False
Let h(x) = 6912*x**3 + 3*x**2 - 6*x + 2. Is h(1) a composite number?
False
Let v be (-16 - 27)/((-2)/6). Let m = 151 - v. Is m prime?
False
Let p = 4593 - -47552. Is p prime?
False
Let k(t) = -3 - 751*t + 28 - 2898*t. Is k(-4) prime?
True
Let b(u) = 157*u - 43 + 19 + 19. Is b(4) composite?
True
Let g = 542 + -194. Suppose j = -2*j + g. Suppose 5*x - 4*s = 135, j = 2*x + 4*s + 34. Is x a prime number?
True
Is (-1618)/((144/(-66))/12) a composite number?
True
Suppose 0 = -m - 1, -8 = -3*r - 3*m + 13. Suppose 4*j - 324 + r = 0. Is j prime?
True
Let f = 224 + -159. Let r = 111 - f. Is r composite?
True
Suppose 76*t = 75*t + 11. Suppose 5*a - 4755 = -5*d, 0 = -0*a - a + 2*d + 966. Suppose -7*o + t*o - a = 0. Is o a prime number?
True
Let u(a) = 77*a**2 + 7*a + 8. Let r be u(-6). Suppose 1457 = 5*h - r. Is h a composite number?
False
Suppose 0 = 4*o - 0*o + 2508. Let l = 737 + -1623. Let u = o - l. Is u composite?
True
Suppose 17*m = 20*m. Suppose 5*l - 2*o - 305 = m, -9 + 34 = -5*o. Is l composite?
False
Let g(r) = r**2 - 2*r. Let f be g(2). Suppose 5*x + f*x - 10 = 0. Suppose -x*n = -4*n + 1434. Is n a prime number?
False
Let f(a) = -6*a**2 - a**3 - 6*a + 4*a - 4 - 3*a - 4*a. Let r be f(-4). Suppose r = 4*y - 2*q - 1680 - 82, 3*q = 5*y - 2200. Is y a composite number?
False
Suppose 7 = 4*b + v, 2*b + 4*v - 5*v = 11. Is (6054/9)/(2/b) a prime number?
True
Let j = -550 + 2109. Is j prime?
True
Let t be 6/(-2)*9/(-9). Is (232 - -1)*(t + -2) a prime number?
True
Suppose 26*l + 15 = 31*l. Suppose -1656 = -l*k - 213. Is k prime?
False
Is (1/2)/(-13 + 11793978/907228) composite?
False
Let z(r) = -329*r - 59. Is z(-20) prime?
True
Let x = -2 - 4. Let y be (x + 3)/(-1*1). Is (-1 - y)/2*-17 a prime number?
False
Let t(r) = r - 14*r**2 - 7*r**2 + 45*r**2 - 7 + 20. Is t(-6) a prime number?
False
Suppose 15*a + 15 = 18*a. Suppose 0 = 3*f - 3*u - 918, -3*f = -a*f + u + 614. Suppose 4*v = c - f + 105, -3*v = -c + 208. Is c a composite number?
False
Suppose -4*b + 16*b = 1848. Suppose -5*c + b = -111. Is c composite?
False
Let j(t) = 649*t**2 + 36*t - 266. Is j(9) prime?
True
Let x(y) = 2*y + 14. Let d be x(-6). Suppose 0 = -2*n - 2*b - b + 2287, d*n - 5*b = 2327. Is n a prime number?
True
Let j(p) = p**3 + 61*p**2 + 10*p + 91. Is j(-53) a composite number?
True
Suppose -5*n + 33 = 6*n. Suppose 4*m - 3362 = -n*s, 3*m - 2*m = 2*s + 835. Is m a composite number?
False
Let t = 8 - -3. Let s(u) = 2*u + 1. Is s(t) a prime number?
True
Let x(b) be the second derivative of -139*b**5/20 - b**4/6 + b**3/6 + b**2/2 + 4*b. Is x(-2) a prime number?
True
Suppose 0*w = -w - 4*w. Suppose 4*p - 974 - 2038 = w. Is p prime?
False
Let d(s) = s**3 + 6*s**2 + 6*s + 5. Let u be d(-6). Let a = -13 - u. Is 2910/a + (-2)/3 a prime number?
False
Suppose 0 = 2*s - 4*p + 258 - 84, -4*s - 378 = -2*p. Let w(j) = -j**2 - 7*j - 9. Let m be w(-6). Let a = m - s. Is a a composite number?
True
Let f(q) = q**2 - 37*q - 16. Let g be f(-18). Suppose 162 - g = -4*v + 5*t, -5*v - 3*t + 1015 = 0. Is v composite?
True
Let m(f) = -5*f**2 + 3*f - 6. Let p be m(-4). Let r = 213 + p. Is r prime?
False
Suppose -9*p = -748 - 665. Suppose -939 = -2*q - p. Is q a prime number?
False
Let h be 45626/5 - (-2)/(-10). Suppose 9*c - 4*c = g + 11428, 5*g - h = -4*c. Is c composite?
True
Let l = 15 + -12. Suppose -720 = -l*p - p. Is p/2 + -3 + 2 a composite number?
False
Suppose 23*a - 365529 = 20*a. Is a prime?
True
Let v be (2 + 2)/4*3. Suppose -y - 2*y = 0, -v*y + 80 = -4*f. Let n = f + 313. Is n a prime number?
True
Suppose 4*c = -2*c + 5946. Is c a prime number?
True
Let s(q) = 2 + 2 + 6*q**2 + 7*q - q**3 + 3 - q. Is s(6) a composite number?
False
Suppose -4*y - 5*u + 5001 = -6*u, -3*u - 2513 = -2*y. Is y a prime number?
True
Suppose 156*x = 151*x + 11015. Is x composite?
False
Suppose -j = -3*q - 8 + 1, -5 = 3*q + j. Is 4 + (671 - 4) + q + -2 prime?
False
Suppose -3*x + g - 6 = -8*x, -3*g = 2*x - 5. Let o = x + 0. Is 234 - (-4 + 5)*o composite?
False
Suppose 3 = 3*u + 3*m, 2*m + m - 17 = 4*u. Let y(q) = -q**3 - 2*q**2 + q + 7. Let i be y(-4). Let a = i - u. Is a composite?
False
Let h = -35 - -38. Suppose 0 = -h*w + 2245 - 340. Is w prime?
False
Let 